at is the units digit of f?
1
Let k be 2/12 + 268/(-24). Let h = k - -18. What is the units digit of h?
7
Let d be (-17)/2 - 1/2. Let w = d - -13. Suppose 0 = w*v - 0 - 16. What is the units digit of v?
4
Suppose -4*v + 4*c - 3*c - 26 = 0, v = -3*c. Let z be (14/3)/((-4)/v). What is the units digit of z*((-1)/7 + 1)?
6
Let k be -2 - (2 - 128/1). Suppose -f = 4*o - 115, 3*o + 4*f = -o + k. What is the tens digit of o?
2
Suppose -2*v = -4 + 2. What is the units digit of v?
1
Let z = 8 + -2. What is the units digit of z?
6
Suppose -4*m - 61 = -5*m. What is the tens digit of m?
6
What is the tens digit of ((-29)/(-2))/(10/160)?
3
Let u be (-1)/(-2) - 11/(-2). Suppose -4*z + r = -11, 4*z + 3*r = -r + 36. Let t = u - z. What is the units digit of t?
2
Suppose 7*c - 128 - 285 = 0. What is the tens digit of c?
5
Let n(k) = -k**3 + k**2 + k - 1. Let f be n(2). Let q = f + 8. What is the units digit of q?
5
What is the units digit of 1 + 49 + -2 + 4?
2
Suppose -3*c - 9 = -6*c. Suppose 2*y - 3*y - 3*x - 3 = 0, c*x = y - 3. Suppose y = 2*i + 3*h - 31, 5*i - i = -5*h + 63. What is the units digit of i?
7
Let s be ((-12)/(-3) - 1)/3. Let p(t) = s + 4*t**2 + 0*t + 3*t**3 - 4*t**3 + 3*t + 0. What is the tens digit of p(3)?
1
Let p(a) = -a - 3. Let d be p(-5). Suppose -h + d*h + 3 = 0. Let b = 6 - h. What is the units digit of b?
9
Let y be (0 + -8)/((-4)/2). Suppose 0 = v - 32 - y. What is the tens digit of v?
3
Let k(w) = -w**3 - 5*w**2 + w + 6. Suppose -2*a = -4*a - 10. What is the units digit of k(a)?
1
Let c = -80 + 158. What is the tens digit of c?
7
Let f = 106 - -36. What is the tens digit of f?
4
Suppose 5 = 2*g + 3*g. Let j be (g/(-2))/(1/16). Let d = -2 - j. What is the units digit of d?
6
Let p(r) = r**2 - 4. Let z be p(-2). What is the units digit of 4 + z + -3 + 1?
2
Let b be ((-8)/(-10))/((-2)/(-10)). Let i(f) = -2*f**2 - 5*f - 7. Let t be i(-5). What is the units digit of (3/b)/((-4)/t)?
6
Let q = 71 - 56. What is the tens digit of q?
1
Suppose 0 = -0*y - 2*y + 72. What is the units digit of y?
6
Let d(t) = -t**3 + 2*t**2 + 3*t - 1. Let x be d(3). Let q = -6 + 9. What is the units digit of (q/x)/((-3)/2)?
2
Suppose 26 = -c + 3*c. Suppose c = 4*i - 3*i. What is the tens digit of i?
1
Suppose -5*n - 13 = -2*w, 2*w - 16 = -3*w - 4*n. Suppose -w*g = 6 - 42. What is the units digit of g?
9
Let j = -1 - 3. Let g be ((-14)/j)/(3/(-12)). Let m = -9 - g. What is the units digit of m?
5
Let v = 9 - 7. Suppose 0 - 6 = -v*x. What is the units digit of x?
3
Suppose c = -7*i + 10*i + 70, -5*c = -i - 336. What is the tens digit of c?
6
Let i(c) = c**2 + c + 30. Let m be i(0). Suppose -m = -4*o + 2. Suppose -o*j + 3*j + 15 = 0. What is the units digit of j?
3
Let j(i) be the second derivative of i**5/20 - i**4/3 + i**3/2 + i**2/2 - i. Let v(u) = -u**3 + 2*u**2. Let w be v(-1). What is the units digit of j(w)?
1
Let q be (3/(-4))/((-15)/60). Suppose -4*k + 107 = -z, 0 = -3*z - 0 + q. What is the units digit of k?
7
Let v(u) be the third derivative of u**6/120 - u**5/60 - u**4/6 - u**3/3 - 4*u**2. Let s be v(4). Suppose 2*p - 4*p = -s. What is the units digit of p?
5
Let c(p) = 1. Let v(k) = k - 3. Let w(n) = 4*c(n) + v(n). Suppose 3*t = -0*t + 15. What is the units digit of w(t)?
6
Suppose w = -5*j - 26 + 8, 3*j - w + 6 = 0. Let c = j - -6. Suppose -2*h + 0*h - c*s = -17, -2*h = 2*s - 14. What is the units digit of h?
4
Let x be 2 - ((-2)/(-2))/(-1). Let u be 1 - (0 + 39)/x. What is the units digit of 2/u + 31/6?
5
Let i be 2 - ((1 - 2) + -2). Suppose -6 = -i*l + 2*l. Suppose l*c = c + 6. What is the units digit of c?
6
What is the tens digit of 14/49 + -2 + (-724)/(-14)?
5
Let w be -2*1 + (2 - 8). Let q = w + 9. Let v = 9 + q. What is the units digit of v?
0
Suppose o - 24 = -3*o. Suppose -o = 2*v, 5*u = -0*u + 4*v + 87. What is the tens digit of u?
1
Let m(s) = 2*s**2 + 6*s. Let i be m(-4). What is the units digit of i - 2 - 1 - -1?
6
Suppose 263 = -9*h + 1361. What is the units digit of h?
2
Let l = 9 + 31. What is the tens digit of l?
4
Let j = 10 + -7. Suppose -6 = 3*o - 3*r, 26 = -j*o - 2*o + r. Let y(s) = s**2 + 5*s - 3. What is the units digit of y(o)?
3
Let k(q) = -q**3 + 10*q**2 - 6*q + 6. What is the units digit of k(9)?
3
Suppose 0 = o - 6*o - 25, -2*n = -5*o - 21. What is the tens digit of (-2 - n/2)*-13?
1
Suppose 390 = 2*a + 3*a. What is the tens digit of a?
7
Let q(p) = -5*p - 1 - 1 - 1. Let u be q(-2). What is the units digit of 1/2 + u/2?
4
Let q = 35 + -4. Let i = 66 - q. What is the units digit of i?
5
Let f be -13*2*(-1)/2. Let p = 24 - f. What is the units digit of p?
1
Suppose 84 = 2*p - 4*v, 0 = -v + 2*v + 2. Let q = p - 21. What is the units digit of q?
7
What is the tens digit of (2/18)/((-10)/30)*-102?
3
Suppose -s = 2*b - 1, 14 = -4*s + b - 0. Let g(p) = p**2 + 3*p + 4. Let h be g(s). Suppose h*m = 15 + 5. What is the units digit of m?
5
Let d = 7 - 10. Let g be (-2)/(-4)*(-3 - d). Suppose g = 4*a + 5*n - 28, 0 = -3*a - 4*n + 27 - 5. What is the units digit of a?
2
Let c(x) be the second derivative of x**4/12 + x**3/2 - 3*x**2 + 2*x. What is the tens digit of c(-6)?
1
Let h be (-14)/(-6) + 1/(-3). Suppose -h*d + 13 = -23. What is the units digit of d?
8
What is the hundreds digit of 54/18 + 197 + 1?
2
Let m(q) = -q**2 + 16*q. Let l be m(12). Suppose -l = -d - 2*d. What is the tens digit of d?
1
Suppose -2*q + 75 = w, -3*w - 145 = -5*w - 3*q. What is the units digit of w/4 - (-3)/(-12)?
6
Let t(x) = 1 + x**2 - 3 + 12*x + 8. Let w be (-8)/(-28) - 93/7. What is the units digit of t(w)?
9
Let s(o) = -2*o + 6. Let q(a) = -2*a - 1. Let x be q(1). What is the units digit of s(x)?
2
Suppose r = 3*r + 2. Let p = 5 + r. What is the units digit of p?
4
Let w(s) = -s - 1. What is the tens digit of w(-19)?
1
Suppose 6*y - 12 = 3*y. Suppose 4*a + d = 2*d + 42, 0 = 5*a + 5*d - 40. Suppose -y*s = s - a. What is the units digit of s?
2
Suppose 3*x - 225 = n - 2*n, -2*n = x - 75. What is the tens digit of x?
7
Suppose 0 = 4*o - o - 4*m - 16, 4*o - 2*m = 18. Suppose -4*l + 22 = -2*n, -l - o*n = -2*l - 12. What is the units digit of l?
8
Let t be -111 + -1 + (-3 - -4). Let c = -64 - t. What is the units digit of c?
7
Let w be (-1)/2*-8 + -1. Suppose m + w*m = 8. Suppose -m = -2*h - 5*d, -8 = -h + 3*d + 4. What is the units digit of h?
6
What is the tens digit of 128 + -2 + 0 + 7?
3
Let a(w) = 92*w**2 + 4*w + 5. What is the units digit of a(-1)?
3
Let d(q) = q**2 - 4*q - 8. Let f be d(6). Let o(n) = n + 1. Let s(m) = -7*m - 8. Let u(a) = -6*o(a) - s(a). What is the units digit of u(f)?
6
Suppose 4*p + 5*p = 1602. What is the hundreds digit of p?
1
Let v = 12 + -12. Suppose 0 = -w + 3*w - q - 18, w + 2*q - 19 = v. What is the tens digit of w?
1
Let i = 12 + -8. What is the units digit of i?
4
Let d(b) = b**3 + 5*b**2 - 8*b - 6. Let o = -6 - -8. Suppose -o*x - 12 = -0*x. What is the units digit of d(x)?
6
Let h be ((-80)/(-24))/(4/6). Suppose 5*x - 29 = 2*x - 5*y, 0 = 4*x - h*y - 97. What is the units digit of x?
8
Suppose 3*x = 236 + 16. What is the tens digit of x?
8
Let j(z) = 3*z. Suppose 0 = 4*g - u + 10, g + 11 = -2*u - 2*u. Let p be g + 2 + (4 - -3). What is the units digit of j(p)?
8
Let a = -270 - -467. What is the tens digit of a?
9
Let d be 0/(-2 - (-3 + 2)). Let h be (3 + -1)/((-4)/(-14)). Let s = h - d. What is the units digit of s?
7
Let q(v) = 4*v**2 + 15. What is the units digit of q(6)?
9
Suppose -3*x - 5*t - 11 = 0, -2 = 2*t + 6. Suppose -5*o + 3*u = -145, -4*o + 94 = x*u - u. What is the units digit of o?
6
Let m = 75 - 74. What is the units digit of m?
1
Suppose 0*l - 24 = 3*b + 2*l, -5*b - 3*l - 39 = 0. What is the units digit of (-117)/(-12) + b/8?
9
Let k = -80 - -146. What is the tens digit of k?
6
Suppose 3*n + 3*n - 12 = 0. Suppose -9 - 85 = -n*d. What is the tens digit of d?
4
Let s(x) = -3*x - 12. Let i be s(-10). What is the units digit of 61/3 + (-24)/i?
9
Let a(h) = 5*h**2 + 2*h + 1. Let j be a(-1). Suppose j*f - 88 = -32. What is the tens digit of f?
1
Suppose -4*u - 10 = -6. Let v(q) = 12*q**2 + q + 1. What is the tens digit of v(u)?
1
Suppose 946 - 232 = 6*h. What is the units digit of h?
9
Let b(r) = 37*r + 3. What is the tens digit of b(2)?
7
Suppose 26 = -2*b - 4*k, -4*k = -7*b + 2*b + 5. Let u(o) = -2*o. What is t